n base 3, what is 220121022 + 22100?
220220122
In base 8, what is -46574477 - 0?
-46574477
In base 2, what is 101100110111 - 101110100000110?
-101000111001111
In base 13, what is 8a - -9c89?
a046
In base 5, what is 32 - 32203331?
-32203244
In base 2, what is 111110010 - -100110011101111010?
100110100101101100
In base 2, what is 111010010111100101 - -1100101111?
111010100100010100
In base 7, what is -20 + 500315?
500265
In base 8, what is 32236 - -776?
33234
In base 7, what is 11 + 3124026?
3124040
In base 8, what is 4 + -431346434?
-431346430
In base 6, what is 24 + 22430314?
22430342
In base 2, what is 101000110100011 - 10010110111?
100110011101100
In base 6, what is 2013002 - -10523?
2023525
In base 11, what is 27784a3 + -a?
2778494
In base 14, what is 1b1 - -97c5?
9996
In base 10, what is 124 - 171?
-47
In base 3, what is -100 - 12112121102212?
-12112121110012
In base 16, what is 70 + -2a4ca3?
-2a4c33
In base 9, what is -1166415 + 167?
-1166237
In base 5, what is -113144103223 - 1?
-113144103224
In base 3, what is 102 - -1122211000111112?
1122211000111221
In base 13, what is 32 - -93717?
93749
In base 3, what is 10 + 120112211201110122?
120112211201110202
In base 7, what is -5 - -22420552?
22420544
In base 14, what is 1ca3 + -68?
1c39
In base 5, what is 3 - -1124032302003?
1124032302011
In base 5, what is -31134023 + 3243?
-31130230
In base 10, what is -4755 + 64119?
59364
In base 15, what is -2 - -100b3c?
100b3a
In base 6, what is -502321102 - -122?
-502320540
In base 13, what is 49 + 29597?
29613
In base 4, what is 10 - 3322101333?
-3322101323
In base 5, what is 11 + -423031130?
-423031114
In base 9, what is -1 - 3521784?
-3521785
In base 16, what is 1 - -232f6c?
232f6d
In base 7, what is -416020 + 126?
-415561
In base 5, what is 4343242243 - -40?
4343242333
In base 11, what is -4062a3a + -5?
-4062a44
In base 7, what is 0 + -1412024030?
-1412024030
In base 14, what is b9c2a5 - -8?
b9c2ad
In base 3, what is 11 + -220010110212211?
-220010110212200
In base 9, what is -3311 - 237022?
-241333
In base 6, what is -23415 + -2122343?
-2150202
In base 7, what is -20603 - 1012?
-21615
In base 10, what is -8741205 - 0?
-8741205
In base 11, what is -51 + 21511a?
215079
In base 12, what is 1412 - -1a05?
3217
In base 6, what is -42124553 + 4502?
-42120051
In base 16, what is 87b575 + 5?
87b57a
In base 4, what is 1 + -20312211303?
-20312211302
In base 15, what is -1162a - -15d?
-114bc
In base 8, what is 106230 - 2323?
103705
In base 14, what is 2c683a1 - -1?
2c683a2
In base 6, what is -3 - 1144014324?
-1144014331
In base 4, what is 100223232 - -1310?
100231202
In base 5, what is 140131 + 2430120?
3120301
In base 2, what is -10001010010000110000010001 - 111?
-10001010010000110000011000
In base 15, what is -3e + 17d3c?
17ced
In base 13, what is -5366992 + 2?
-5366990
In base 16, what is -30 - b3073?
-b30a3
In base 15, what is -4 + 27aadb?
27aad7
In base 14, what is 4 + -38137b?
-381377
In base 15, what is 4 + -147c35?
-147c31
In base 10, what is 208350 + 237?
208587
In base 13, what is -9a63 + 5c1?
-9472
In base 13, what is -307a1054 + 0?
-307a1054
In base 16, what is a34 + db15?
e549
In base 14, what is -d - -8050988?
8050979
In base 2, what is 1111 - -1001011111110001111010?
1001011111110010001001
In base 2, what is 10000011001 + 101110100100?
111110111101
In base 11, what is 38a3 + -64980?
-61088
In base 4, what is -101 - 2300001101?
-2300001202
In base 10, what is -42938265 - 3?
-42938268
In base 11, what is 1288780 + a5?
1288875
In base 8, what is -12316001 - 0?
-12316001
In base 9, what is -507460 + 157?
-507302
In base 6, what is -1052320 - 1110?
-1053430
In base 10, what is 4 - 46189897?
-46189893
In base 12, what is 2 + -427a6336?
-427a6334
In base 13, what is 40 - -38b13?
38b53
In base 8, what is -400170 + 55?
-400113
In base 15, what is 260197 - -3?
26019a
In base 12, what is -68b7083 - -5?
-68b707a
In base 8, what is -21440763 - 2?
-21440765
In base 6, what is -151550 - 255?
-152245
In base 12, what is -4 + 4329859?
4329855
In base 5, what is -20301124032001 - 3?
-20301124032004
In base 16, what is -1cb - -98ceb?
98b20
In base 16, what is -79 + -cfc?
-d75
In base 11, what is -5 + -14770802?
-14770807
In base 10, what is 2 - -63986706?
63986708
In base 15, what is 99c6c28 - -7?
99c6c30
In base 8, what is 0 + 53453510?
53453510
In base 2, what is -10000010000001000 - -11?
-10000010000000101
In base 5, what is 10 + 230120412?
230120422
In base 16, what is -23dda3 + 11?
-23dd92
In base 3, what is 2212112011002 - -100122?
2212112111201
In base 2, what is 11 - -110010110000000010000011?
110010110000000010000110
In base 5, what is -2 + -314423122?
-314423124
In base 7, what is -5526 + -5665?
-14524
In base 3, what is -1102000020211 - -2?
-1102000020202
In base 14, what is -a2dc - -227?
-a0b5
In base 7, what is 4312651 - -10344?
4323325
In base 2, what is 100101 - -10010011011011?
10010100000000
In base 5, what is 2402 + -300140?
-242233
In base 10, what is 2 - 63421772?
-63421770
In base 11, what is 1784a1 - -22?
178513
In base 10, what is 52967 + 2097?
55064
In base 7, what is 221 - -163315023?
163315244
In base 11, what is 104a6 + 2a30?
13426
In base 4, what is -2112132 - 102221?
-2221013
In base 3, what is 121010100100121 - -11?
121010100100202
In base 9, what is 1422 - 7632?
-6210
In base 4, what is 11 - 1002120113020?
-1002120113003
In base 8, what is 35 + 1474370?
1474425
In base 15, what is -a6e7de - -3?
-a6e7db
In base 16, what is 42b + 738?
b63
In base 4, what is -1331 + -1111222230?
-1111230221
In base 3, what is 11102 - 11000211122?
-11000200020
In base 10, what is 714178 - -555?
714733
In base 8, what is -4 + 552136754?
552136750
In base 7, what is -562614 - -24?
-562560
In base 9, what is -27243671 - 14?
-27243685
In base 8, what is -6446711 - -31?
-6446660
In base 10, what is -3647752 - 5?
-3647757
In base 14, what is 22 - 3bd70?
-3bd4c
In base 4, what is 3112322300323 - -11?
3112322301000
In base 13, what is 8a83806 + -1?
8a83805
In base 13, what is 1c8 - -27bbc?
280b7
In base 7, what is 1162625 + -341?
1162254
In base 13, what is 1928 - 2b967?
-2a03c
In base 2, what is -111010100101 + -1011100111100?
-10010111100001
In base 11, what is -12 - 62a0a6?
-62a108
In base 9, what is 17 + 214185846?
214185864
In base 2, what is 11000111010011101000010000 + 100?
11000111010011101000010100
In base 4, what is -301302333 - 1220?
-301310213
In base 8, what is 45 + -2745410?
-2745343
In base 10, what is 9 - 35486067?
-35486058
In base 4, what is -120021202 - 1001?
-120022203
In base 2, what is -101011010011000 + 10101010?
-101010111101110
In base 10, what is 12 - 48350056?
-48350044
In base 11, what is -25130 - -1?
-2512a
In base 16, what is -1aee - 9e0a?
-b8f8
In base 5, what is -21443341 - 10434?
-22004330
In base 16, what is -296c638 - -5?
-296c633
In base 16, what is ecc14 + 73?
ecc87
In base 5, what is -10010 + 1003130?
443120
In base 5, what is 3321 - 142210301?
-142201430
In base 11, what is 2525 - a1919?
-9a3a4
In base 15, what is 1 - 84b819?
-84b818
In base 2, what is -101101000100101 + -101001010100?
-110010001111001
In base 16, what is 5a9dfc - -3?
5a9dff
In base 10, what is 5499 + -259?
5240
In base 8, what is -40 + 131327?
131267
In base 9, what is -371 - -422538?
422157
In base 14, what is b42529 - -1?
b4252a
In base 5, what is -23340 - 3341?
-32231
In base 9, what is -5067181 - -12?
-5067168
In base 14, what is -1357b856 - -3?
-1357b853
In base 15, what is -41881a5 - 4?
-41881a9
In base 15, what is 90395b5 - 5?
90395b0
In base 7, what is -6 + 6622356353?
6622356344
In base 2, what is 100 + 1001111000100110000100?
1001111000100110001000
In base 4, what is 1 + 13010132000?
13010132001
In base 3, what is 2 + -12110000121101?
-12110000121022
In base 2, what is 1011010010010000 - 1110001010?
1011000100000110
In base 6, what is 4 + 15523052?
15523100
In base 7, what is -4 + 1120335233?
1120335226
In base 14, what is b18223 - -2?
b18225
In base 9, what is 281705 - -453?
282258
In base 2, what is -10 - 101010000100000110110?
-101010000100000111000
In base 11, what is -4155214a + -5?
-41552154
In base 8, what is 1142 + 14021?
15163
In base 10, what is 111 + -5238594?
-5238483
In base 10, what is 2419121 - -3?
2419124
In base 16, what is 6